 base 16.
1d8e
What is 1762 (base 8) in base 4?
33302
Convert 41234 (base 6) to base 16.
1576
-210020021 (base 3) to base 14
-58d8
Convert -11011 (base 5) to base 11.
-628
Convert -1312 (base 6) to base 3.
-110022
62464 (base 7) to base 11
10580
What is 22019 (base 10) in base 15?
67ce
What is -1201244 (base 5) in base 9?
-33246
Convert -34ae (base 16) to base 13.
-61a5
1010101000010010 (base 2) to base 10
43538
What is 1c8 (base 14) in base 3?
111210
Convert 212211 (base 4) to base 6.
15233
-1156 (base 10) to base 5
-14111
-1042131 (base 5) to base 4
-10133300
-21123 (base 6) to base 15
-ca9
What is 104242 (base 5) in base 14?
14c1
-131 (base 5) to base 4
-221
What is 1040 (base 7) in base 9?
452
Convert 1100101101 (base 2) to base 11.
67a
What is -2354 (base 8) in base 9?
-1650
Convert 5ad0 (base 15) to base 4.
10231320
34153 (base 7) to base 9
12784
Convert -212056 (base 7) to base 10.
-36742
Convert -25630 (base 7) to base 9.
-10331
-33042 (base 6) to base 10
-4562
Convert 2610 (base 14) to base 8.
15026
Convert -3d69 (base 16) to base 5.
-1000341
What is -1050 (base 7) in base 3?
-112000
What is -14a3 (base 12) in base 8?
-4573
What is 2222 (base 5) in base 2?
100111000
1101111111 (base 2) to base 15
3ea
Convert -d36 (base 14) to base 10.
-2596
Convert 6be (base 15) to base 3.
2002122
Convert 10110111000 (base 2) to base 7.
4161
712 (base 8) to base 13
293
Convert -11042 (base 7) to base 2.
-101011010110
-427 (base 14) to base 10
-819
Convert -2532 (base 6) to base 16.
-278
What is 1111011 (base 3) in base 13?
655
-33003 (base 6) to base 8
-10673
What is 990 (base 14) in base 4?
131202
Convert -8274 (base 11) to base 10.
-10971
-1000111100 (base 2) to base 4
-20330
-157 (base 14) to base 12
-1a9
What is -120101022 (base 3) in base 7?
-44456
What is -7b1 (base 15) in base 4?
-123031
Convert -20101020 (base 3) to base 2.
-1001000101010
Convert 274 (base 12) to base 5.
3001
-289 (base 14) to base 10
-513
1597 (base 11) to base 9
2718
What is 15055 (base 6) in base 2?
100101101011
-18201 (base 13) to base 11
-31a11
Convert 5927 (base 12) to base 10.
9967
744 (base 8) to base 6
2124
Convert -2241 (base 5) to base 14.
-18d
Convert 2204 (base 6) to base 10.
508
Convert -1d2a (base 14) to base 15.
-18a5
Convert -5700 (base 8) to base 9.
-4112
What is 1313223 (base 4) in base 12?
4523
3923 (base 10) to base 8
7523
-412 (base 7) to base 11
-177
What is 3092 (base 12) in base 14?
1d02
24022 (base 5) to base 7
5065
What is -1825 (base 10) in base 14?
-945
What is 21445 (base 8) in base 5?
241442
Convert -3ebe (base 15) to base 3.
-200110022
-112122 (base 3) to base 12
-28b
What is -10301332 (base 4) in base 15?
-5c07
Convert -176 (base 9) to base 11.
-127
Convert -31029 (base 13) to base 8.
-253553
What is 1112121210 (base 3) in base 13?
10a70
-574 (base 11) to base 8
-1256
-3802 (base 10) to base 2
-111011011010
-4c3 (base 14) to base 6
-4231
Convert -163 (base 9) to base 10.
-138
1353 (base 6) to base 7
1020
What is -2b4 (base 13) in base 8?
-745
-271 (base 10) to base 4
-10033
-1a2a (base 15) to base 9
-7684
What is -7f0 (base 16) in base 3?
-2210021
Convert -9b71 (base 16) to base 6.
-504121
1122202221 (base 3) to base 10
32641
-4041 (base 5) to base 15
-24b
Convert 4888 (base 15) to base 9.
23142
What is -255 (base 11) in base 16?
-12e
-10133030 (base 4) to base 5
-1042010
-540 (base 7) to base 6
-1133
Convert 1cc (base 13) to base 5.
2322
35c4 (base 14) to base 8
22250
Convert 3040 (base 14) to base 9.
12328
Convert -10011001001100 (base 2) to base 14.
-3804
Convert 197 (base 14) to base 3.
110012
What is 2264 (base 10) in base 9?
3085
Convert -10010101011000 (base 2) to base 6.
-112132
What is 335 (base 14) in base 7?
1565
What is 102212 (base 3) in base 4?
11000
What is 28049 (base 11) in base 2?
1001110000101111
Convert -26449 (base 12) to base 4.
-30303321
1242 (base 12) to base 2
100000010010
Convert -22112 (base 4) to base 13.
-3bc
What is -2224 (base 9) in base 7?
-4534
Convert 10c8 (base 15) to base 16.
deb
3353 (base 6) to base 7
2205
What is 613 (base 7) in base 10?
304
-4fa3 (base 16) to base 5
-1123022
2231032 (base 4) to base 3
120012121
Convert 38 (base 10) to base 3.
1102
44170 (base 8) to base 13
85a1
What is -18746 (base 10) in base 6?
-222442
What is 386 (base 11) in base 5?
3312
Convert -1228 (base 10) to base 12.
-864
44a1 (base 15) to base 9
21857
27b (base 12) to base 10
383
17455 (base 14) to base 7
332335
What is 68 (base 12) in base 5?
310
Convert 1001100111011100 (base 2) to base 4.
21213130
-77a0 (base 14) to base 5
-1130340
-25672 (base 9) to base 14
-6450
Convert 35a (base 16) to base 3.
1011210
What is -1110001 (base 2) in base 4?
-1301
Convert -194 (base 16) to base 2.
-110010100
Convert 20333 (base 6) to base 2.
101010100001
Convert 1131204 (base 5) to base 13.
9614
38b (base 16) to base 11
755
Convert -82d (base 15) to base 4.
-130303
-110011100111 (base 2) to base 15
-ea3
-5058 (base 10) to base 2
-1001111000010
13044 (base 6) to base 15
8b7
What is 10202 (base 5) in base 6?
3045
What is 54445 (base 6) in base 13?
3563
-1100000001 (base 2) to base 9
-1044
-68a9 (base 11) to base 6
-110001
What is c26 (base 16) in base 10?
3110
What is -201102 (base 3) in base 13?
-314
Convert 43444 (base 8) to base 14.
68cc
Convert 3112 (base 8) to base 4.
121022
2104 (base 7) to base 11
612
Convert -14712 (base 9) to base 14.
-3943
Convert -1102014 (base 5) to base 10.
-19009
-492 (base 10) to base 12
-350
-421 (base 8) to base 9
-333
13203 (base 4) to base 14
267
Convert 3232 (base 10) to base 14.
126c
What is -3185 (base 9) in base 2?
-100100101001
-2102210 (base 3) to base 5
-24101
-1102 (base 7) to base 4
-12022
Convert -b85b (base 16) to base 6.
-1002255
Convert 6332 (base 7) to base 11.
1746
What is 25624 (base 7) in base 16?
1aad
What is -10110011101100 (base 2) in base 7?
-45346
What is 322d (base 16) in base 9?
18552
-5484 (base 9) to base 12
-2411
-7c6 (base 15) to base 5
-24021
3043 (base 15) to base 12
5a90
What is 110222 (base 4) in base 7?
3566
What is -110000010 (base 2) in base 6?
-1442
What is 30b (base 15) in base 9?
842
What is -11122 (base 3) in base 13?
-98
What is 308 (base 14) in base 5?
4341
Convert -441 (base 9) to base 5.
-2421
-23034 (base 7) to base 8
-13340
What is 114 (base 10) in base 3?
11020
Convert -20454 (base 9) to base 8.
-32267
-432 (base 10) to base 15
-1dc
2012 (base 11) to base 13
12aa
What is 46e (base 15) in base 6?
4352
Convert -444 (base 6) to base 2.
-10101100
-7d3a (base 14) to base 16
-5530
What is 5036 (base 11) in base 10?
6694
-1b9 (base 15) to base 14
-207
7146 (base 14) to base 16
4c0a
27720 (base 9) to base 2
100100101111010
What is -1001001 (base 2) in base 11?
-67
What is -1198 (base 11) in base 2?
-11000010111
What is 5967 (base 11) in base 14?
2bc5
What is 12364 (base 9) in base 3?
102102011
-3011313 (base 5) to base 9
-72388
What is -102013 (base 4) in base 2?
-10010000111
3327 (base 16) to base 14
4ab5
-55282 (base 9) to base 15
-ad0b
Convert 12b4 (base 12) to base 13.
c97
What is 197 (base 13) in base 9?
355
Convert 102223 (base 4) to base 14.
615
Convert -279 (base 10) to base 14.
-15d
What is 1101111 (base 2) in base 10?
111
What is -42 (base 5) in base 11?
-20
What is -11201132 (base 4) in base 5?
-1210442
Convert 8b6 (base 14) to base 11.
1331
What is -135630 (base 8) in base 16?
-bb98
What is 191 (base 11) in base 4?
3131
Convert 3320 (base 15) to base 5.
321310
Convert 6513 (base 9) to base 10.
4791
What is -414 (base 11) in base 9?
-614
-2067 (base 8) to base 4
-100313
Convert 140 (base 8) to base 11.
88
What is -3420 (base 6) in base 16?
-324
-b9a (base 15) to base 2
-101000111100
Convert 2440 (base 11) to base 9.
4334
What is -1b437 (base 12) in base 3?
-2001100221
What is -54e (base 16) in base 6?
-10142
Convert -1230303 (base 4) to base 3.
-100112220
What is 433403 (base 5) in base 11?
10183
a0 (base 13) to base 7
244
What is -1a7d (base 15) in base 14?
-2143
Convert 8598 (base 11) to base 13.
522b
111000001 (base 2) to base 3
121122
-151 (base 6) to base 9
-74
Convert 2464 (base 7) to base 12.
654
3c1 (base 13) to base 16
298
Convert -30231 (base 5) to base 15.
-896
Convert -479 (base 10) to base 16.
-1df
b8c (base 14) to base 4
203220
What is -11320